 w?
4
Let f(t) = 9 + 37 - 7*t + 4 + 4. Let z be f(4). Let c = -54 - -288. What is the highest common factor of z and c?
26
Let u(p) = 468*p - 904. Let r be u(2). What is the greatest common factor of 8608 and r?
32
Let l(n) = 42*n**2 - 4*n - 13. Let f be l(-4). Let h = -665 + f. Calculate the highest common factor of h and 80.
10
Let r(n) be the first derivative of 2*n**2 + 39*n - 16. Let f be r(-12). Let p be 12/f*54/(-12). What is the highest common divisor of p and 30?
6
Let r be (5/(-2))/((-4)/8). Suppose 3*w = o + 5, -2 = -2*w - 4*o + 6. Suppose -w*b + 49 = -r. Calculate the greatest common divisor of b and 18.
9
Let q(c) = 5*c - 29. Let z be q(11). Suppose -z*m + 23*m + 303 = 4*b, 0 = 2*b + 2*m - 154. What is the greatest common divisor of b and 63?
9
Let p be -6 - 2/((-48)/(-5142))*-8. What is the highest common factor of 366 and p?
122
Let j be 3 - 4 - (1 + -7 + 0). Suppose -5*d = -j*w - 15, 2*d + 4*w = 7*d - 17. Calculate the greatest common divisor of 160 and d.
5
Suppose -4*k + 575 + 141 = 5*b, -2*k + 384 = -4*b. What is the greatest common divisor of 5566 and k?
46
Suppose -8*s + 2039 - 79 = 0. Calculate the highest common factor of 1085 and s.
35
Let l = -26 + 29. Suppose 4*p + l*n - 302 = 4*n, n = 2*p - 150. Calculate the highest common divisor of 76 and p.
76
Suppose -s + 349 = -2*w, 0 = 30*w - 34*w - 8. What is the highest common divisor of s and 135?
15
Let y be (325 + -4 - 7) + -7. Let c = y + -298. Calculate the greatest common factor of 99 and c.
9
Let l(p) = -18 - p - 4 - 76*p**3 + 21 - 2*p**2. Let n be l(-1). Calculate the greatest common divisor of 37 and n.
37
Let n(j) = 58*j**2 + 24*j - 4. Let o be n(8). Calculate the greatest common divisor of o and 910.
130
Let i(p) = 1431*p - 4226. Let z be i(5). Calculate the greatest common divisor of z and 101.
101
Let p be ((-2)/4)/((-11)/(-594)). Let o be 198/8 - p/108. Calculate the highest common divisor of 200 and o.
25
Let d(v) = 10*v**2 + 9*v + 786. Let c be d(-17). What is the greatest common factor of 271 and c?
271
Suppose -5*q + 45 = -4*g, 3*q - 35 = 4*g - 8. Suppose r + 2 = q. Suppose 18*p = 135*p - 819. Calculate the highest common factor of r and p.
7
Suppose -o - 6 + 5 = 0, -x - 5*o = -28. Let m be (1 + 1)/(-4)*-2. Let a = x - m. Calculate the greatest common divisor of 80 and a.
16
Let p(i) = 43*i**2 + 5*i - 8. Let v be p(4). Suppose v = -2*f + 12*f. Let d = -18 - -32. What is the highest common divisor of f and d?
14
Suppose 5*y + 547*a - 546*a = 3137, -5*y - 3*a = -3141. What is the greatest common factor of 77 and y?
11
Suppose 7 = 4*m + 3, -3*p - m + 1600 = 0. What is the highest common factor of 697 and p?
41
Let b(u) = -u**3 + 26*u**2 + u - 14. Let x be b(-14). What is the greatest common divisor of x and 12?
12
Let i be 2 + 24*(-5)/70 - 18/14. Let g(o) be the first derivative of -5*o**4/4 + o**3 + o**2 + 1. Let q be g(i). Calculate the highest common factor of q and 2.
2
Suppose 3*v + 2 = 2*c - v, -3*c + 3 = v. Let j be (-2)/(-4)*c*(1 + 3). Suppose -j*w = -8*w + 36. Calculate the greatest common factor of w and 18.
6
Let o(w) = 34*w**2 - 67*w + 1030. Let m be o(18). Calculate the greatest common factor of 80 and m.
40
Suppose -5*l + 6 - 2 = -2*u, -4*l = 0. Let n be (-12)/(u + 6 - (-17)/(-4)). Calculate the highest common factor of 60 and n.
12
Let a(j) = 5*j + 50. Let c = 159 + -168. Let i be a(c). What is the highest common factor of i and 5?
5
Let o be (-11 - (-285)/12) + 1/4. Suppose -217 = -20*y + o*y. Calculate the highest common factor of y and 527.
31
Let w(z) be the first derivative of z**4/4 - 4*z**3/3 - 2*z**2 - 25*z - 63. Let y be w(6). What is the greatest common factor of 368 and y?
23
Let z = -589 + 556. Let f = 97 + z. What is the highest common factor of f and 40?
8
Let d(p) = p**3 - 6*p**2 - 7*p + 12. Let h be d(7). Suppose r + h*f = 7*f + 10, r - f - 28 = 0. What is the greatest common divisor of r and 400?
25
Suppose -k + 4*h = -140, h - 83 = -2*k + 170. Suppose -4 = -3*l + 2*l - 4*r, l = -2*r + 6. Calculate the highest common factor of k and l.
8
Suppose -199*p = -80*p - 91*p - 31584. What is the greatest common divisor of 1551 and p?
141
Suppose -20 = 5*a, 3*h + 4*a = a + 150. Let x be (-2)/((36/(-168))/(3/4)). Suppose -x*n + 156 = -411. What is the greatest common factor of h and n?
27
Let m be ((665/(-105))/(-19))/((-2)/(-12)). Let s be (-20)/6*6/(-5). Calculate the greatest common divisor of s and m.
2
Suppose z + u - 42 = 0, u - 1 = 2*z - 94. Let i = 785 - 780. Calculate the greatest common divisor of z and i.
5
Let f(k) = -3 + 319*k - 2*k**2 - 334*k - 1. Let s be f(-8). Let m be 2 + -3*128/s. What is the highest common divisor of 119 and m?
17
Let c be 144/(-96)*5392/(-6). Calculate the greatest common divisor of c and 12.
4
Let k = -28 - -32. Let y be 3/(-3 - (-14)/k). Suppose 0 = -4*h + 2*s + 84, 0 = 5*h - y*s + s - 115. Calculate the highest common factor of 19 and h.
19
Let p = 126 + -108. Let b = -111 + 206. Let w = 113 - b. Calculate the greatest common factor of p and w.
18
Suppose -339*l = 3*v - 342*l - 21, 3*v - l - 25 = 0. Calculate the highest common factor of v and 2061.
9
Let s be 4/(-84)*-6 + (-2)/7. Suppose -4*z - 16 = s, z + 36 = 4*q - 4*z. Let n be 56/(-6)*((-30)/q + 6). What is the greatest common divisor of 7 and n?
7
Let v(k) = -7*k**2 - 112*k + 35. Let o be v(-16). Calculate the highest common divisor of o and 170.
5
Suppose -14*f - 162 = -15*f. Let d = f + -132. What is the highest common divisor of 6 and d?
6
Suppose 19177 = 15*a + 2797. What is the highest common divisor of 2496 and a?
156
Let l = -3478 + 4584. What is the greatest common factor of 126 and l?
14
Suppose 3*o - 203 = 85. Let z = 113 - o. Suppose -11*c = -4*c - 1309. What is the greatest common divisor of c and z?
17
Let m be 12/(-42) - (-4 - (-2718)/(-7)). Let j be ((-15414)/m - (-6)/8)*-7. Calculate the highest common divisor of j and 90.
90
Suppose 2*q = q + 53. Let y(r) = -429*r - 11530. Let g be y(-27). Calculate the greatest common divisor of q and g.
53
Let f(m) = -47 + 119*m**2 + 153*m**2 + 8 + 39*m - 4*m**2 + 20*m**2. Let r be f(1). Calculate the greatest common divisor of r and 8.
8
Let y be 3664/24 - (-6)/(-9). Let v = 186 - y. What is the highest common factor of 102 and v?
34
Let o(k) = 2*k**2 - 7*k - 28. Let l be o(6). Let m be (-3)/((-54)/364) - l/9. Calculate the greatest common divisor of m and 380.
20
Let g(d) = -130*d + 22. Let h be g(-1). Calculate the highest common divisor of 1 and h.
1
Let v(u) = 2*u**2 - 3*u - 138. Let r be v(-9). Let l = 130 - 28. What is the highest common factor of l and r?
51
Suppose -18*a + 16247 = -35881. What is the highest common factor of a and 16?
16
Suppose 0 = -6*x - 111 + 9. Let b be 8/(-68) - (10616/x)/4. Calculate the highest common divisor of b and 48.
12
Let u = -12740 + 17479. What is the highest common factor of 7 and u?
7
Suppose 2*z - p = 121, 0 = 4*z + 352*p - 357*p - 245. Calculate the highest common divisor of 675 and z.
15
Let h(t) = -t**2 + t + 2. Suppose 0 = -2*d - 2, 6*d - 40 = -3*z + d. Suppose z = -5*w + 15. Let g be h(w). What is the highest common factor of g and 50?
2
Suppose 146*r + 593 = 3*s + 151*r, -4*r + 984 = 5*s. What is the highest common divisor of s and 1127?
49
Let m be (-13)/(-4) + (-120)/30 + 198/8. Calculate the highest common divisor of m and 280.
8
Let n be (-264)/10*5/(-2). Let x = -26 - -81. What is the highest common divisor of x and n?
11
Let b be 5320/6*((-2 - (3 + -3)) + 5). Calculate the highest common factor of 988 and b.
76
Let s = 20 + -11. Let i(x) = x**3 + 7*x**2 - 6*x - 38. Let p be i(-7). Let l be (-510)/(-8) - (0 + 3/p). What is the greatest common divisor of l and s?
9
Suppose -18*g = -36, 44*g = -3*v + 43*g + 14654. Calculate the greatest common divisor of v and 740.
148
Suppose 0 = 3*n - 6*n - 2*h + 7, -5*n - 5*h = -10. Suppose 2*d - k - 131 = -d, 0 = 2*d + n*k - 91. What is the highest common factor of d and 11?
11
Suppose 44*u - 39*u - 4*a - 137 = 0, 0 = -u - 6*a + 75. Suppose 0*g - 2*g + 88 = 0. What is the greatest common factor of u and g?
11
Suppose -4*t = -2*t - 5*t. Suppose l - 49 = 5*s, 2*l + 3*s - 4 - 29 = t. Calculate the greatest common divisor of l and 9.
3
Suppose -39*t + 2*f + 452 = -37*t, 934 = 4*t + 2*f. Calculate th